{"id":935,"date":"2025-03-02T19:48:37","date_gmt":"2025-03-02T18:48:37","guid":{"rendered":"https:\/\/www.it-pro.fr\/?post_type=product&#038;p=935"},"modified":"2026-04-30T15:52:36","modified_gmt":"2026-04-30T13:52:36","slug":"xiaomi-redmi-note-14-4g-dual-sim-6gb-ram-128gb-ocean-bleu","status":"publish","type":"product","link":"https:\/\/www.it-pro.fr\/index.php\/produit\/xiaomi-redmi-note-14-4g-dual-sim-6gb-ram-128gb-ocean-bleu\/","title":{"rendered":"Xiaomi Redmi Note 14 4G Dual SIM 6GB RAM 128GB ocean bleu"},"content":{"rendered":"<div class=\"prdDesc spacerTopM\">\n<div class=\"lnkLightprt\">T\u00e9l\u00e9phone Xiaomi Redmi Note 14 4G &#8211;\u00a0<a class=\"ft_link\" href=\"https:\/\/fr.shopping.rakuten.com\/s\/xiaomi\">Xiaomi<\/a><\/div>\n<p>Cam\u00e9ra haut de gamme \u00a0 R\u00e9sistance \u00e0 toute \u00e9preuve Designs&#8230;<\/p>\n<\/div>\n<ul class=\"contributors\">\n<li style=\"list-style-type: none;\">\n<ul class=\"contributors\">\n<li class=\"sub\"><span class=\"label\">Fabricant\u00a0:\u00a0<\/span><em class=\"value\"><a class=\"ft_link\" href=\"https:\/\/fr.shopping.rakuten.com\/s\/xiaomi\">Xiaomi<\/a><\/em><\/li>\n<li class=\"sub\"><span class=\"label\">R\u00e9f\u00e9rence fabricant\u00a0:\u00a0<\/span><em class=\"value\">MZB0J09EU<\/em><\/li>\n<\/ul>\n<\/li>\n<\/ul>\n<p>Produit soumis \u00e0 la R\u00e9mun\u00e9ration Pour Copie Priv\u00e9e.\u00a0<a href=\"https:\/\/www.copieprivee.org\/\" target=\"_blank\" rel=\"noopener\">En savoir plus<\/a><\/p>\n<p><a href=\"https:\/\/www.copiefrance.fr\/fr\/\" target=\"_blank\" rel=\"noopener\">Voir le montant de la R\u00e9mun\u00e9ration Pour Copie Priv\u00e9e<\/a><\/p>\n<div>La puissance fournie par le chargeur doit \u00eatre entre, au minimum, 10 Watts requis par l&rsquo;\u00e9quipement radio\u00e9lectrique et, au maximum, 33 Watts pour atteindre la vitesse de chargement maximale.<\/div>\n<p><img decoding=\"async\" class=\" lazyloaded\" src=\"https:\/\/fr.shopping.rakuten.com\/catop\/api\/templating\/image\/generate\/legal_power-supply_chargeur-min-et-max_usb-pd.svg?capacite=10%20-%2033&amp;watt=W\" data-frz-src=\"https:\/\/fr.shopping.rakuten.com\/catop\/api\/templating\/image\/generate\/legal_power-supply_chargeur-min-et-max_usb-pd.svg?capacite=10 - 33&amp;watt=W\" \/><a id=\"ancre_rich_ctn\" name=\"ancre_rich_ctn\"><\/a><\/p>\n<div class=\"rich_ctn\"><center><iframe title=\"Video player\" src=\"https:\/\/www.youtube.com\/embed\/p45a77rxUSc\" width=\"100%\" height=\"500px\" frameborder=\"0\" allowfullscreen=\"allowfullscreen\" data-mce-fragment=\"1\"><\/iframe><\/center><\/div>\n<div>\n<p><img decoding=\"async\" class=\" lazyloaded\" src=\"https:\/\/fr.shopping.rakuten.com\/photo\/32450522130.jpg\" alt=\"null image 1 | Rakuten\" data-frz-src=\"https:\/\/fr.shopping.rakuten.com\/photo\/32450522130.jpg\" \/><\/p>\n<p>&nbsp;<\/p>\n<p><strong>Cam\u00e9ra haut de gamme<\/strong><\/p>\n<p><strong><img decoding=\"async\" class=\" lazyloaded\" src=\"https:\/\/fr.shopping.rakuten.com\/photo\/32450522930.jpg\" alt=\"null image 2 | Rakuten\" data-frz-src=\"https:\/\/fr.shopping.rakuten.com\/photo\/32450522930.jpg\" \/><\/strong><\/p>\n<p>&nbsp;<\/p>\n<p><strong><img decoding=\"async\" class=\" lazyloaded\" src=\"https:\/\/fr.shopping.rakuten.com\/photo\/32450514830.jpg\" alt=\"null image 3 | Rakuten\" data-frz-src=\"https:\/\/fr.shopping.rakuten.com\/photo\/32450514830.jpg\" \/><br \/>\nR\u00e9sistance \u00e0 toute \u00e9preuve<br \/>\n<img decoding=\"async\" class=\" lazyloaded\" src=\"https:\/\/fr.shopping.rakuten.com\/photo\/32450515830.jpg\" alt=\"null image 4 | Rakuten\" data-frz-src=\"https:\/\/fr.shopping.rakuten.com\/photo\/32450515830.jpg\" \/><\/strong><\/p>\n<p><strong><img decoding=\"async\" class=\" lazyloaded\" src=\"https:\/\/fr.shopping.rakuten.com\/photo\/32450516030.jpg\" alt=\"null image 5 | Rakuten\" data-frz-src=\"https:\/\/fr.shopping.rakuten.com\/photo\/32450516030.jpg\" \/><\/strong><\/p>\n<p><strong><img decoding=\"async\" class=\" lazyloaded\" src=\"https:\/\/fr.shopping.rakuten.com\/photo\/32450516230.jpg\" alt=\"null image 6 | Rakuten\" data-frz-src=\"https:\/\/fr.shopping.rakuten.com\/photo\/32450516230.jpg\" \/><\/strong><\/p>\n<p><strong>Designs uniques<\/strong><\/p>\n<p><strong><img decoding=\"async\" class=\" lazyloaded\" src=\"https:\/\/fr.shopping.rakuten.com\/photo\/32450517830.jpg\" alt=\"null image 7 | Rakuten\" data-frz-src=\"https:\/\/fr.shopping.rakuten.com\/photo\/32450517830.jpg\" \/><\/strong><\/p>\n<p><strong>Exp\u00e9rience exceptionnelle<\/strong><\/p>\n<p><strong><img decoding=\"async\" class=\" lazyloaded\" src=\"https:\/\/fr.shopping.rakuten.com\/photo\/32450518030.jpg\" alt=\"null image 8 | Rakuten\" data-frz-src=\"https:\/\/fr.shopping.rakuten.com\/photo\/32450518030.jpg\" \/><\/strong><\/p>\n<p>&nbsp;<\/p>\n<p><strong><img decoding=\"async\" class=\" lazyloaded\" src=\"https:\/\/fr.shopping.rakuten.com\/photo\/32450518130.jpg\" alt=\"null image 9 | Rakuten\" data-frz-src=\"https:\/\/fr.shopping.rakuten.com\/photo\/32450518130.jpg\" \/><\/strong><\/p>\n<p><strong>\u00c9cran exceptionnel<\/strong><\/p>\n<p><strong><img decoding=\"async\" class=\" lazyloaded\" src=\"https:\/\/fr.shopping.rakuten.com\/photo\/32450518330.jpg\" alt=\"null image 10 | Rakuten\" data-frz-src=\"https:\/\/fr.shopping.rakuten.com\/photo\/32450518330.jpg\" \/><\/strong><\/p>\n<\/div>\n","protected":false},"excerpt":{"rendered":"<p>T\u00e9l\u00e9phone Xiaomi Redmi Note 14 4G &#8211;\u00a0Xiaomi Cam\u00e9ra haut de gamme \u00a0 R\u00e9sistance \u00e0 toute \u00e9preuve Designs&#8230; Fabricant\u00a0:\u00a0Xiaomi R\u00e9f\u00e9rence fabricant\u00a0:\u00a0MZB0J09EU Produit soumis \u00e0 la R\u00e9mun\u00e9ration Pour Copie Priv\u00e9e.\u00a0En savoir plus Voir le montant de la R\u00e9mun\u00e9ration Pour Copie Priv\u00e9e La puissance fournie par le chargeur doit \u00eatre entre, au minimum, 10 Watts requis par l&rsquo;\u00e9quipement&#8230;<\/p>\n","protected":false},"featured_media":937,"comment_status":"open","ping_status":"closed","template":"","meta":{"_kad_post_transparent":"default","_kad_post_title":"","_kad_post_layout":"default","_kad_post_sidebar_id":"","_kad_post_content_style":"default","_kad_post_vertical_padding":"default","_kad_post_feature":"","_kad_post_feature_position":"","_kad_post_header":false,"_kad_post_footer":false,"_kad_post_classname":""},"product_brand":[],"product_cat":[83],"product_tag":[],"class_list":{"0":"post-935","1":"product","2":"type-product","3":"status-publish","4":"has-post-thumbnail","6":"product_cat-telephone-portable","8":"first","9":"instock","10":"sale","11":"taxable","12":"shipping-taxable","13":"purchasable","14":"product-type-simple","15":"entry","16":"content-bg","17":"loop-entry"},"yoast_head":"<!-- This site is optimized with the Yoast SEO plugin v27.5 - https:\/\/yoast.com\/product\/yoast-seo-wordpress\/ -->\n<title>Xiaomi Redmi Note 14 4G Dual SIM 6GB RAM 128GB ocean bleu - IT-PRO<\/title>\n<meta name=\"robots\" content=\"index, follow, max-snippet:-1, max-image-preview:large, max-video-preview:-1\" \/>\n<link rel=\"canonical\" href=\"https:\/\/www.it-pro.fr\/index.php\/produit\/xiaomi-redmi-note-14-4g-dual-sim-6gb-ram-128gb-ocean-bleu\/\" \/>\n<meta property=\"og:locale\" content=\"fr_FR\" \/>\n<meta property=\"og:type\" content=\"article\" \/>\n<meta property=\"og:title\" content=\"Xiaomi Redmi Note 14 4G Dual SIM 6GB RAM 128GB ocean bleu - IT-PRO\" \/>\n<meta property=\"og:description\" content=\"T\u00e9l\u00e9phone Xiaomi Redmi Note 14 4G &#8211;\u00a0Xiaomi Cam\u00e9ra haut de gamme \u00a0 R\u00e9sistance \u00e0 toute \u00e9preuve Designs&#8230; Fabricant\u00a0:\u00a0Xiaomi R\u00e9f\u00e9rence fabricant\u00a0:\u00a0MZB0J09EU Produit soumis \u00e0 la R\u00e9mun\u00e9ration Pour Copie Priv\u00e9e.\u00a0En savoir plus Voir le montant de la R\u00e9mun\u00e9ration Pour Copie Priv\u00e9e La puissance fournie par le chargeur doit \u00eatre entre, au minimum, 10 Watts requis par l&rsquo;\u00e9quipement...\" \/>\n<meta property=\"og:url\" content=\"https:\/\/www.it-pro.fr\/index.php\/produit\/xiaomi-redmi-note-14-4g-dual-sim-6gb-ram-128gb-ocean-bleu\/\" \/>\n<meta property=\"og:site_name\" content=\"IT-PRO\" \/>\n<meta property=\"article:publisher\" content=\"https:\/\/www.facebook.com\/profile.php?id=61573944776199\" \/>\n<meta property=\"article:modified_time\" content=\"2026-04-30T13:52:36+00:00\" \/>\n<meta property=\"og:image\" content=\"https:\/\/www.it-pro.fr\/wp-content\/uploads\/2025\/03\/Xiaomi-Redmi-Note-14-4G-Dual-SIM-6GB-RAM-128GB-ocean-bleu-1.png\" \/>\n\t<meta property=\"og:image:width\" content=\"460\" \/>\n\t<meta property=\"og:image:height\" content=\"500\" \/>\n\t<meta property=\"og:image:type\" content=\"image\/png\" \/>\n<meta name=\"twitter:card\" content=\"summary_large_image\" \/>\n<meta name=\"twitter:label1\" content=\"Dur\u00e9e de lecture estim\u00e9e\" \/>\n\t<meta name=\"twitter:data1\" content=\"1 minute\" \/>\n<script type=\"application\/ld+json\" class=\"yoast-schema-graph\">{\"@context\":\"https:\\\/\\\/schema.org\",\"@graph\":[{\"@type\":\"WebPage\",\"@id\":\"https:\\\/\\\/www.it-pro.fr\\\/index.php\\\/produit\\\/xiaomi-redmi-note-14-4g-dual-sim-6gb-ram-128gb-ocean-bleu\\\/\",\"url\":\"https:\\\/\\\/www.it-pro.fr\\\/index.php\\\/produit\\\/xiaomi-redmi-note-14-4g-dual-sim-6gb-ram-128gb-ocean-bleu\\\/\",\"name\":\"Xiaomi Redmi Note 14 4G Dual SIM 6GB RAM 128GB ocean bleu - IT-PRO\",\"isPartOf\":{\"@id\":\"https:\\\/\\\/www.it-pro.fr\\\/#website\"},\"primaryImageOfPage\":{\"@id\":\"https:\\\/\\\/www.it-pro.fr\\\/index.php\\\/produit\\\/xiaomi-redmi-note-14-4g-dual-sim-6gb-ram-128gb-ocean-bleu\\\/#primaryimage\"},\"image\":{\"@id\":\"https:\\\/\\\/www.it-pro.fr\\\/index.php\\\/produit\\\/xiaomi-redmi-note-14-4g-dual-sim-6gb-ram-128gb-ocean-bleu\\\/#primaryimage\"},\"thumbnailUrl\":\"https:\\\/\\\/www.it-pro.fr\\\/wp-content\\\/uploads\\\/2025\\\/03\\\/Xiaomi-Redmi-Note-14-4G-Dual-SIM-6GB-RAM-128GB-ocean-bleu-1.png\",\"datePublished\":\"2025-03-02T18:48:37+00:00\",\"dateModified\":\"2026-04-30T13:52:36+00:00\",\"breadcrumb\":{\"@id\":\"https:\\\/\\\/www.it-pro.fr\\\/index.php\\\/produit\\\/xiaomi-redmi-note-14-4g-dual-sim-6gb-ram-128gb-ocean-bleu\\\/#breadcrumb\"},\"inLanguage\":\"fr-FR\",\"potentialAction\":[{\"@type\":\"ReadAction\",\"target\":[\"https:\\\/\\\/www.it-pro.fr\\\/index.php\\\/produit\\\/xiaomi-redmi-note-14-4g-dual-sim-6gb-ram-128gb-ocean-bleu\\\/\"]}]},{\"@type\":\"ImageObject\",\"inLanguage\":\"fr-FR\",\"@id\":\"https:\\\/\\\/www.it-pro.fr\\\/index.php\\\/produit\\\/xiaomi-redmi-note-14-4g-dual-sim-6gb-ram-128gb-ocean-bleu\\\/#primaryimage\",\"url\":\"https:\\\/\\\/www.it-pro.fr\\\/wp-content\\\/uploads\\\/2025\\\/03\\\/Xiaomi-Redmi-Note-14-4G-Dual-SIM-6GB-RAM-128GB-ocean-bleu-1.png\",\"contentUrl\":\"https:\\\/\\\/www.it-pro.fr\\\/wp-content\\\/uploads\\\/2025\\\/03\\\/Xiaomi-Redmi-Note-14-4G-Dual-SIM-6GB-RAM-128GB-ocean-bleu-1.png\",\"width\":460,\"height\":500},{\"@type\":\"BreadcrumbList\",\"@id\":\"https:\\\/\\\/www.it-pro.fr\\\/index.php\\\/produit\\\/xiaomi-redmi-note-14-4g-dual-sim-6gb-ram-128gb-ocean-bleu\\\/#breadcrumb\",\"itemListElement\":[{\"@type\":\"ListItem\",\"position\":1,\"name\":\"Accueil\",\"item\":\"https:\\\/\\\/www.it-pro.fr\\\/\"},{\"@type\":\"ListItem\",\"position\":2,\"name\":\"Boutique\",\"item\":\"https:\\\/\\\/www.it-pro.fr\\\/index.php\\\/boutique\\\/\"},{\"@type\":\"ListItem\",\"position\":3,\"name\":\"Xiaomi Redmi Note 14 4G Dual SIM 6GB RAM 128GB ocean bleu\"}]},{\"@type\":\"WebSite\",\"@id\":\"https:\\\/\\\/www.it-pro.fr\\\/#website\",\"url\":\"https:\\\/\\\/www.it-pro.fr\\\/\",\"name\":\"IT-PRO\",\"description\":\"Informatique &amp; T\u00e9l\u00e9phones\",\"publisher\":{\"@id\":\"https:\\\/\\\/www.it-pro.fr\\\/#organization\"},\"potentialAction\":[{\"@type\":\"SearchAction\",\"target\":{\"@type\":\"EntryPoint\",\"urlTemplate\":\"https:\\\/\\\/www.it-pro.fr\\\/?s={search_term_string}\"},\"query-input\":{\"@type\":\"PropertyValueSpecification\",\"valueRequired\":true,\"valueName\":\"search_term_string\"}}],\"inLanguage\":\"fr-FR\"},{\"@type\":\"Organization\",\"@id\":\"https:\\\/\\\/www.it-pro.fr\\\/#organization\",\"name\":\"IT-PRO\",\"url\":\"https:\\\/\\\/www.it-pro.fr\\\/\",\"logo\":{\"@type\":\"ImageObject\",\"inLanguage\":\"fr-FR\",\"@id\":\"https:\\\/\\\/www.it-pro.fr\\\/#\\\/schema\\\/logo\\\/image\\\/\",\"url\":\"https:\\\/\\\/www.it-pro.fr\\\/wp-content\\\/uploads\\\/2025\\\/01\\\/cropped-cropped-cropped-Photoroom-20241227_184125.png\",\"contentUrl\":\"https:\\\/\\\/www.it-pro.fr\\\/wp-content\\\/uploads\\\/2025\\\/01\\\/cropped-cropped-cropped-Photoroom-20241227_184125.png\",\"width\":511,\"height\":512,\"caption\":\"IT-PRO\"},\"image\":{\"@id\":\"https:\\\/\\\/www.it-pro.fr\\\/#\\\/schema\\\/logo\\\/image\\\/\"},\"sameAs\":[\"https:\\\/\\\/www.facebook.com\\\/profile.php?id=61573944776199\",\"https:\\\/\\\/www.instagram.com\\\/it_pro42\\\/\"]}]}<\/script>\n<!-- \/ Yoast SEO plugin. -->","yoast_head_json":{"title":"Xiaomi Redmi Note 14 4G Dual SIM 6GB RAM 128GB ocean bleu - IT-PRO","robots":{"index":"index","follow":"follow","max-snippet":"max-snippet:-1","max-image-preview":"max-image-preview:large","max-video-preview":"max-video-preview:-1"},"canonical":"https:\/\/www.it-pro.fr\/index.php\/produit\/xiaomi-redmi-note-14-4g-dual-sim-6gb-ram-128gb-ocean-bleu\/","og_locale":"fr_FR","og_type":"article","og_title":"Xiaomi Redmi Note 14 4G Dual SIM 6GB RAM 128GB ocean bleu - IT-PRO","og_description":"T\u00e9l\u00e9phone Xiaomi Redmi Note 14 4G &#8211;\u00a0Xiaomi Cam\u00e9ra haut de gamme \u00a0 R\u00e9sistance \u00e0 toute \u00e9preuve Designs&#8230; Fabricant\u00a0:\u00a0Xiaomi R\u00e9f\u00e9rence fabricant\u00a0:\u00a0MZB0J09EU Produit soumis \u00e0 la R\u00e9mun\u00e9ration Pour Copie Priv\u00e9e.\u00a0En savoir plus Voir le montant de la R\u00e9mun\u00e9ration Pour Copie Priv\u00e9e La puissance fournie par le chargeur doit \u00eatre entre, au minimum, 10 Watts requis par l&rsquo;\u00e9quipement...","og_url":"https:\/\/www.it-pro.fr\/index.php\/produit\/xiaomi-redmi-note-14-4g-dual-sim-6gb-ram-128gb-ocean-bleu\/","og_site_name":"IT-PRO","article_publisher":"https:\/\/www.facebook.com\/profile.php?id=61573944776199","article_modified_time":"2026-04-30T13:52:36+00:00","og_image":[{"width":460,"height":500,"url":"https:\/\/www.it-pro.fr\/wp-content\/uploads\/2025\/03\/Xiaomi-Redmi-Note-14-4G-Dual-SIM-6GB-RAM-128GB-ocean-bleu-1.png","type":"image\/png"}],"twitter_card":"summary_large_image","twitter_misc":{"Dur\u00e9e de lecture estim\u00e9e":"1 minute"},"schema":{"@context":"https:\/\/schema.org","@graph":[{"@type":"WebPage","@id":"https:\/\/www.it-pro.fr\/index.php\/produit\/xiaomi-redmi-note-14-4g-dual-sim-6gb-ram-128gb-ocean-bleu\/","url":"https:\/\/www.it-pro.fr\/index.php\/produit\/xiaomi-redmi-note-14-4g-dual-sim-6gb-ram-128gb-ocean-bleu\/","name":"Xiaomi Redmi Note 14 4G Dual SIM 6GB RAM 128GB ocean bleu - IT-PRO","isPartOf":{"@id":"https:\/\/www.it-pro.fr\/#website"},"primaryImageOfPage":{"@id":"https:\/\/www.it-pro.fr\/index.php\/produit\/xiaomi-redmi-note-14-4g-dual-sim-6gb-ram-128gb-ocean-bleu\/#primaryimage"},"image":{"@id":"https:\/\/www.it-pro.fr\/index.php\/produit\/xiaomi-redmi-note-14-4g-dual-sim-6gb-ram-128gb-ocean-bleu\/#primaryimage"},"thumbnailUrl":"https:\/\/www.it-pro.fr\/wp-content\/uploads\/2025\/03\/Xiaomi-Redmi-Note-14-4G-Dual-SIM-6GB-RAM-128GB-ocean-bleu-1.png","datePublished":"2025-03-02T18:48:37+00:00","dateModified":"2026-04-30T13:52:36+00:00","breadcrumb":{"@id":"https:\/\/www.it-pro.fr\/index.php\/produit\/xiaomi-redmi-note-14-4g-dual-sim-6gb-ram-128gb-ocean-bleu\/#breadcrumb"},"inLanguage":"fr-FR","potentialAction":[{"@type":"ReadAction","target":["https:\/\/www.it-pro.fr\/index.php\/produit\/xiaomi-redmi-note-14-4g-dual-sim-6gb-ram-128gb-ocean-bleu\/"]}]},{"@type":"ImageObject","inLanguage":"fr-FR","@id":"https:\/\/www.it-pro.fr\/index.php\/produit\/xiaomi-redmi-note-14-4g-dual-sim-6gb-ram-128gb-ocean-bleu\/#primaryimage","url":"https:\/\/www.it-pro.fr\/wp-content\/uploads\/2025\/03\/Xiaomi-Redmi-Note-14-4G-Dual-SIM-6GB-RAM-128GB-ocean-bleu-1.png","contentUrl":"https:\/\/www.it-pro.fr\/wp-content\/uploads\/2025\/03\/Xiaomi-Redmi-Note-14-4G-Dual-SIM-6GB-RAM-128GB-ocean-bleu-1.png","width":460,"height":500},{"@type":"BreadcrumbList","@id":"https:\/\/www.it-pro.fr\/index.php\/produit\/xiaomi-redmi-note-14-4g-dual-sim-6gb-ram-128gb-ocean-bleu\/#breadcrumb","itemListElement":[{"@type":"ListItem","position":1,"name":"Accueil","item":"https:\/\/www.it-pro.fr\/"},{"@type":"ListItem","position":2,"name":"Boutique","item":"https:\/\/www.it-pro.fr\/index.php\/boutique\/"},{"@type":"ListItem","position":3,"name":"Xiaomi Redmi Note 14 4G Dual SIM 6GB RAM 128GB ocean bleu"}]},{"@type":"WebSite","@id":"https:\/\/www.it-pro.fr\/#website","url":"https:\/\/www.it-pro.fr\/","name":"IT-PRO","description":"Informatique &amp; T\u00e9l\u00e9phones","publisher":{"@id":"https:\/\/www.it-pro.fr\/#organization"},"potentialAction":[{"@type":"SearchAction","target":{"@type":"EntryPoint","urlTemplate":"https:\/\/www.it-pro.fr\/?s={search_term_string}"},"query-input":{"@type":"PropertyValueSpecification","valueRequired":true,"valueName":"search_term_string"}}],"inLanguage":"fr-FR"},{"@type":"Organization","@id":"https:\/\/www.it-pro.fr\/#organization","name":"IT-PRO","url":"https:\/\/www.it-pro.fr\/","logo":{"@type":"ImageObject","inLanguage":"fr-FR","@id":"https:\/\/www.it-pro.fr\/#\/schema\/logo\/image\/","url":"https:\/\/www.it-pro.fr\/wp-content\/uploads\/2025\/01\/cropped-cropped-cropped-Photoroom-20241227_184125.png","contentUrl":"https:\/\/www.it-pro.fr\/wp-content\/uploads\/2025\/01\/cropped-cropped-cropped-Photoroom-20241227_184125.png","width":511,"height":512,"caption":"IT-PRO"},"image":{"@id":"https:\/\/www.it-pro.fr\/#\/schema\/logo\/image\/"},"sameAs":["https:\/\/www.facebook.com\/profile.php?id=61573944776199","https:\/\/www.instagram.com\/it_pro42\/"]}]}},"jetpack_sharing_enabled":true,"_links":{"self":[{"href":"https:\/\/www.it-pro.fr\/index.php\/wp-json\/wp\/v2\/product\/935","targetHints":{"allow":["GET"]}}],"collection":[{"href":"https:\/\/www.it-pro.fr\/index.php\/wp-json\/wp\/v2\/product"}],"about":[{"href":"https:\/\/www.it-pro.fr\/index.php\/wp-json\/wp\/v2\/types\/product"}],"replies":[{"embeddable":true,"href":"https:\/\/www.it-pro.fr\/index.php\/wp-json\/wp\/v2\/comments?post=935"}],"wp:featuredmedia":[{"embeddable":true,"href":"https:\/\/www.it-pro.fr\/index.php\/wp-json\/wp\/v2\/media\/937"}],"wp:attachment":[{"href":"https:\/\/www.it-pro.fr\/index.php\/wp-json\/wp\/v2\/media?parent=935"}],"wp:term":[{"taxonomy":"product_brand","embeddable":true,"href":"https:\/\/www.it-pro.fr\/index.php\/wp-json\/wp\/v2\/product_brand?post=935"},{"taxonomy":"product_cat","embeddable":true,"href":"https:\/\/www.it-pro.fr\/index.php\/wp-json\/wp\/v2\/product_cat?post=935"},{"taxonomy":"product_tag","embeddable":true,"href":"https:\/\/www.it-pro.fr\/index.php\/wp-json\/wp\/v2\/product_tag?post=935"}],"curies":[{"name":"wp","href":"https:\/\/api.w.org\/{rel}","templated":true}]}}