{"id":1443,"date":"2025-05-28T11:06:14","date_gmt":"2025-05-28T09:06:14","guid":{"rendered":"https:\/\/www.it-pro.fr\/?post_type=product&#038;p=1443"},"modified":"2025-05-28T11:30:29","modified_gmt":"2025-05-28T09:30:29","slug":"batterie-iphone-15-pro-max-haute-capacite","status":"publish","type":"product","link":"https:\/\/www.it-pro.fr\/index.php\/produit\/batterie-iphone-15-pro-max-haute-capacite\/","title":{"rendered":"Batterie iPhone 15 Pro Max Haute Capacit\u00e9"},"content":{"rendered":"<h2 data-start=\"206\" data-end=\"309\">\ud83d\udd0b <strong data-start=\"212\" data-end=\"262\">Batterie iPhone 15 Pro Max Haute Capacit\u00e9 (Ti)<\/strong> \u2013 <strong data-start=\"265\" data-end=\"309\">Autonomie Optimale, Performance Maximale<\/strong><\/h2>\n<h3 data-start=\"311\" data-end=\"354\">\u2705 <strong data-start=\"317\" data-end=\"354\">Con\u00e7ue pour les iPhone 15 Pro Max<\/strong><\/h3>\n<p data-start=\"355\" data-end=\"606\">Cette batterie est <strong data-start=\"374\" data-end=\"429\">sp\u00e9cialement d\u00e9velopp\u00e9e pour le ch\u00e2ssis titane (Ti)<\/strong> du nouvel iPhone 15 Pro Max. Elle garantit <strong data-start=\"473\" data-end=\"503\">une compatibilit\u00e9 parfaite<\/strong>, tant en termes de dimensions que de connectique, pour une <strong data-start=\"563\" data-end=\"605\">installation rapide et sans ajustement<\/strong>.<\/p>\n<hr data-start=\"608\" data-end=\"611\" \/>\n<h3 data-start=\"613\" data-end=\"659\">\u26a1 <strong data-start=\"619\" data-end=\"659\">Haute Capacit\u00e9 = Autonomie Prolong\u00e9e<\/strong><\/h3>\n<p data-start=\"660\" data-end=\"736\">Gr\u00e2ce \u00e0 sa <strong data-start=\"671\" data-end=\"712\">capacit\u00e9 sup\u00e9rieure \u00e0 celle d&rsquo;origine<\/strong>, cette batterie offre :<\/p>\n<ul data-start=\"737\" data-end=\"878\">\n<li data-start=\"737\" data-end=\"778\">\n<p data-start=\"739\" data-end=\"778\">\u23f3 <strong data-start=\"741\" data-end=\"778\">Une dur\u00e9e d\u2019utilisation prolong\u00e9e<\/strong><\/p>\n<\/li>\n<li data-start=\"779\" data-end=\"813\">\n<p data-start=\"781\" data-end=\"813\">\ud83d\udd01 <strong data-start=\"784\" data-end=\"813\">Moins de cycles de charge<\/strong><\/p>\n<\/li>\n<li data-start=\"814\" data-end=\"878\">\n<p data-start=\"816\" data-end=\"878\">\ud83d\udcf1 <strong data-start=\"819\" data-end=\"878\">Une autonomie optimis\u00e9e pour les utilisateurs intensifs<\/strong><\/p>\n<\/li>\n<\/ul>\n<p data-start=\"880\" data-end=\"991\">Id\u00e9ale pour les clients professionnels, les gamers ou toute personne utilisant leur iPhone de mani\u00e8re soutenue.<\/p>\n<hr data-start=\"993\" data-end=\"996\" \/>\n<h3 data-start=\"998\" data-end=\"1049\">\ud83d\udd27 <strong data-start=\"1005\" data-end=\"1049\">Fabrication Premium \u2013 Fiabilit\u00e9 Garantie<\/strong><\/h3>\n<ul data-start=\"1050\" data-end=\"1221\">\n<li data-start=\"1050\" data-end=\"1104\">\n<p data-start=\"1052\" data-end=\"1104\">\ud83d\udd12 <strong data-start=\"1055\" data-end=\"1090\">Cellules lithium-ion certifi\u00e9es<\/strong> haute qualit\u00e9<\/p>\n<\/li>\n<li data-start=\"1105\" data-end=\"1182\">\n<p data-start=\"1107\" data-end=\"1182\">\ud83d\udd25 <strong data-start=\"1110\" data-end=\"1182\">Protection contre la surcharge, la surchauffe et les courts-circuits<\/strong><\/p>\n<\/li>\n<li data-start=\"1183\" data-end=\"1221\">\n<p data-start=\"1185\" data-end=\"1221\">\u267b\ufe0f <strong data-start=\"1188\" data-end=\"1221\">Conforme aux normes CE \/ RoHS<\/strong><\/p>\n<\/li>\n<\/ul>\n<p data-start=\"1223\" data-end=\"1365\">Chaque batterie est <strong data-start=\"1243\" data-end=\"1270\">test\u00e9e individuellement<\/strong> pour garantir une <strong data-start=\"1289\" data-end=\"1311\">stabilit\u00e9 parfaite<\/strong> et une <strong data-start=\"1319\" data-end=\"1340\">s\u00e9curit\u00e9 optimale<\/strong>, m\u00eame sur le long terme.<\/p>\n<hr data-start=\"1367\" data-end=\"1370\" \/>\n<h3 data-start=\"1372\" data-end=\"1418\">\ud83d\udee0\ufe0f <strong data-start=\"1380\" data-end=\"1418\">Installation Facile, R\u00e9sultats Pro<\/strong><\/h3>\n<ul data-start=\"1419\" data-end=\"1622\">\n<li data-start=\"1419\" data-end=\"1461\">\n<p data-start=\"1421\" data-end=\"1461\">\ud83d\udce6 Livr\u00e9e avec <strong data-start=\"1436\" data-end=\"1461\">adh\u00e9sifs pr\u00e9install\u00e9s<\/strong><\/p>\n<\/li>\n<li data-start=\"1462\" data-end=\"1533\">\n<p data-start=\"1464\" data-end=\"1533\">\u2699\ufe0f Compatible avec les outils standard de d\u00e9montage iPhone 15 Pro Max<\/p>\n<\/li>\n<li data-start=\"1534\" data-end=\"1622\">\n<p data-start=\"1536\" data-end=\"1622\">\ud83d\udcc9 <strong data-start=\"1539\" data-end=\"1568\">Pas d\u2019erreur de d\u00e9tection<\/strong> par iOS gr\u00e2ce \u00e0 une conception \u00e9lectronique optimis\u00e9e<\/p>\n<\/li>\n<\/ul>\n<hr data-start=\"1624\" data-end=\"1627\" \/>\n<h3 data-start=\"1629\" data-end=\"1693\">\ud83d\udca1 <strong data-start=\"1636\" data-end=\"1693\">Pourquoi Choisir une Batterie Haute Capacit\u00e9 IT PRO ?<\/strong><\/h3>\n<ul data-start=\"1694\" data-end=\"1916\">\n<li data-start=\"1694\" data-end=\"1745\">\n<p data-start=\"1696\" data-end=\"1745\">\u2705 Plus d\u2019autonomie sans compromis sur la s\u00e9curit\u00e9<\/p>\n<\/li>\n<li data-start=\"1746\" data-end=\"1792\">\n<p data-start=\"1748\" data-end=\"1792\">\u2705 Meilleure rentabilit\u00e9 pour les r\u00e9parateurs<\/p>\n<\/li>\n<li data-start=\"1793\" data-end=\"1842\">\n<p data-start=\"1795\" data-end=\"1842\">\u2705 Satisfait les utilisateurs les plus exigeants<\/p>\n<\/li>\n<li data-start=\"1843\" data-end=\"1916\">\n<p data-start=\"1845\" data-end=\"1916\">\u2705 Compatible avec le titane du 15 Pro Max pour une parfaite int\u00e9gration<\/p>\n<\/li>\n<\/ul>\n<hr data-start=\"1918\" data-end=\"1921\" \/>\n<p data-start=\"1923\" data-end=\"2104\"><strong data-start=\"1923\" data-end=\"2019\">Professionnels de la r\u00e9paration : offrez \u00e0 vos clients ce qui se fait de mieux en autonomie.<\/strong><br data-start=\"2019\" data-end=\"2022\" \/>\ud83d\udd0b <em data-start=\"2025\" data-end=\"2104\">Batterie iPhone 15 Pro Max Haute Capacit\u00e9 (Ti) \u2013 Le choix des experts IT PRO.<\/em><\/p>\n","protected":false},"excerpt":{"rendered":"<p>\ud83d\udd0b Batterie iPhone 15 Pro Max Haute Capacit\u00e9 (Ti) \u2013 Autonomie Optimale, Performance Maximale \u2705 Con\u00e7ue pour les iPhone 15 Pro Max Cette batterie est sp\u00e9cialement d\u00e9velopp\u00e9e pour le ch\u00e2ssis titane (Ti) du nouvel iPhone 15 Pro Max. Elle garantit une compatibilit\u00e9 parfaite, tant en termes de dimensions que de connectique, pour une installation rapide&#8230;<\/p>\n","protected":false},"featured_media":1448,"comment_status":"open","ping_status":"closed","template":"","meta":{"_kad_post_transparent":"default","_kad_post_title":"","_kad_post_layout":"default","_kad_post_sidebar_id":"","_kad_post_content_style":"default","_kad_post_vertical_padding":"default","_kad_post_feature":"","_kad_post_feature_position":"","_kad_post_header":false,"_kad_post_footer":false,"_kad_post_classname":""},"product_brand":[],"product_cat":[105],"product_tag":[],"class_list":{"0":"post-1443","1":"product","2":"type-product","3":"status-publish","4":"has-post-thumbnail","6":"product_cat-kit-iphone-15-pro-max","8":"first","9":"instock","10":"sale","11":"taxable","12":"shipping-taxable","13":"purchasable","14":"product-type-simple","15":"entry","16":"content-bg","17":"loop-entry"},"yoast_head":"<!-- This site is optimized with the Yoast SEO plugin v27.5 - https:\/\/yoast.com\/product\/yoast-seo-wordpress\/ -->\n<title>Batterie iPhone 15 Pro Max Haute Capacit\u00e9 - IT-PRO<\/title>\n<meta name=\"robots\" content=\"index, follow, max-snippet:-1, max-image-preview:large, max-video-preview:-1\" \/>\n<link rel=\"canonical\" href=\"https:\/\/www.it-pro.fr\/index.php\/produit\/batterie-iphone-15-pro-max-haute-capacite\/\" \/>\n<meta property=\"og:locale\" content=\"fr_FR\" \/>\n<meta property=\"og:type\" content=\"article\" \/>\n<meta property=\"og:title\" content=\"Batterie iPhone 15 Pro Max Haute Capacit\u00e9 - IT-PRO\" \/>\n<meta property=\"og:description\" content=\"\ud83d\udd0b Batterie iPhone 15 Pro Max Haute Capacit\u00e9 (Ti) \u2013 Autonomie Optimale, Performance Maximale \u2705 Con\u00e7ue pour les iPhone 15 Pro Max Cette batterie est sp\u00e9cialement d\u00e9velopp\u00e9e pour le ch\u00e2ssis titane (Ti) du nouvel iPhone 15 Pro Max. Elle garantit une compatibilit\u00e9 parfaite, tant en termes de dimensions que de connectique, pour une installation rapide...\" \/>\n<meta property=\"og:url\" content=\"https:\/\/www.it-pro.fr\/index.php\/produit\/batterie-iphone-15-pro-max-haute-capacite\/\" \/>\n<meta property=\"og:site_name\" content=\"IT-PRO\" \/>\n<meta property=\"article:publisher\" content=\"https:\/\/www.facebook.com\/profile.php?id=61573944776199\" \/>\n<meta property=\"article:modified_time\" content=\"2025-05-28T09:30:29+00:00\" \/>\n<meta property=\"og:image\" content=\"https:\/\/www.it-pro.fr\/wp-content\/uploads\/2025\/05\/Batterie-iPhone-15-Pro-Max-Haute-Capacite-Ti-1.png\" \/>\n\t<meta property=\"og:image:width\" content=\"1080\" \/>\n\t<meta property=\"og:image:height\" content=\"1080\" \/>\n\t<meta property=\"og:image:type\" content=\"image\/png\" \/>\n<meta name=\"twitter:card\" content=\"summary_large_image\" \/>\n<meta name=\"twitter:label1\" content=\"Dur\u00e9e de lecture estim\u00e9e\" \/>\n\t<meta name=\"twitter:data1\" content=\"2 minutes\" \/>\n<script type=\"application\/ld+json\" class=\"yoast-schema-graph\">{\"@context\":\"https:\\\/\\\/schema.org\",\"@graph\":[{\"@type\":\"WebPage\",\"@id\":\"https:\\\/\\\/www.it-pro.fr\\\/index.php\\\/produit\\\/batterie-iphone-15-pro-max-haute-capacite\\\/\",\"url\":\"https:\\\/\\\/www.it-pro.fr\\\/index.php\\\/produit\\\/batterie-iphone-15-pro-max-haute-capacite\\\/\",\"name\":\"Batterie iPhone 15 Pro Max Haute Capacit\u00e9 - IT-PRO\",\"isPartOf\":{\"@id\":\"https:\\\/\\\/www.it-pro.fr\\\/#website\"},\"primaryImageOfPage\":{\"@id\":\"https:\\\/\\\/www.it-pro.fr\\\/index.php\\\/produit\\\/batterie-iphone-15-pro-max-haute-capacite\\\/#primaryimage\"},\"image\":{\"@id\":\"https:\\\/\\\/www.it-pro.fr\\\/index.php\\\/produit\\\/batterie-iphone-15-pro-max-haute-capacite\\\/#primaryimage\"},\"thumbnailUrl\":\"https:\\\/\\\/www.it-pro.fr\\\/wp-content\\\/uploads\\\/2025\\\/05\\\/Batterie-iPhone-15-Pro-Max-Haute-Capacite-Ti-1.png\",\"datePublished\":\"2025-05-28T09:06:14+00:00\",\"dateModified\":\"2025-05-28T09:30:29+00:00\",\"breadcrumb\":{\"@id\":\"https:\\\/\\\/www.it-pro.fr\\\/index.php\\\/produit\\\/batterie-iphone-15-pro-max-haute-capacite\\\/#breadcrumb\"},\"inLanguage\":\"fr-FR\",\"potentialAction\":[{\"@type\":\"ReadAction\",\"target\":[\"https:\\\/\\\/www.it-pro.fr\\\/index.php\\\/produit\\\/batterie-iphone-15-pro-max-haute-capacite\\\/\"]}]},{\"@type\":\"ImageObject\",\"inLanguage\":\"fr-FR\",\"@id\":\"https:\\\/\\\/www.it-pro.fr\\\/index.php\\\/produit\\\/batterie-iphone-15-pro-max-haute-capacite\\\/#primaryimage\",\"url\":\"https:\\\/\\\/www.it-pro.fr\\\/wp-content\\\/uploads\\\/2025\\\/05\\\/Batterie-iPhone-15-Pro-Max-Haute-Capacite-Ti-1.png\",\"contentUrl\":\"https:\\\/\\\/www.it-pro.fr\\\/wp-content\\\/uploads\\\/2025\\\/05\\\/Batterie-iPhone-15-Pro-Max-Haute-Capacite-Ti-1.png\",\"width\":1080,\"height\":1080,\"caption\":\"Batterie iPhone 15 Pro Max Haute Capacit\u00e9\"},{\"@type\":\"BreadcrumbList\",\"@id\":\"https:\\\/\\\/www.it-pro.fr\\\/index.php\\\/produit\\\/batterie-iphone-15-pro-max-haute-capacite\\\/#breadcrumb\",\"itemListElement\":[{\"@type\":\"ListItem\",\"position\":1,\"name\":\"Accueil\",\"item\":\"https:\\\/\\\/www.it-pro.fr\\\/\"},{\"@type\":\"ListItem\",\"position\":2,\"name\":\"Boutique\",\"item\":\"https:\\\/\\\/www.it-pro.fr\\\/index.php\\\/boutique\\\/\"},{\"@type\":\"ListItem\",\"position\":3,\"name\":\"Batterie iPhone 15 Pro Max Haute Capacit\u00e9\"}]},{\"@type\":\"WebSite\",\"@id\":\"https:\\\/\\\/www.it-pro.fr\\\/#website\",\"url\":\"https:\\\/\\\/www.it-pro.fr\\\/\",\"name\":\"IT-PRO\",\"description\":\"Informatique &amp; T\u00e9l\u00e9phones\",\"publisher\":{\"@id\":\"https:\\\/\\\/www.it-pro.fr\\\/#organization\"},\"potentialAction\":[{\"@type\":\"SearchAction\",\"target\":{\"@type\":\"EntryPoint\",\"urlTemplate\":\"https:\\\/\\\/www.it-pro.fr\\\/?s={search_term_string}\"},\"query-input\":{\"@type\":\"PropertyValueSpecification\",\"valueRequired\":true,\"valueName\":\"search_term_string\"}}],\"inLanguage\":\"fr-FR\"},{\"@type\":\"Organization\",\"@id\":\"https:\\\/\\\/www.it-pro.fr\\\/#organization\",\"name\":\"IT-PRO\",\"url\":\"https:\\\/\\\/www.it-pro.fr\\\/\",\"logo\":{\"@type\":\"ImageObject\",\"inLanguage\":\"fr-FR\",\"@id\":\"https:\\\/\\\/www.it-pro.fr\\\/#\\\/schema\\\/logo\\\/image\\\/\",\"url\":\"https:\\\/\\\/www.it-pro.fr\\\/wp-content\\\/uploads\\\/2025\\\/01\\\/cropped-cropped-cropped-Photoroom-20241227_184125.png\",\"contentUrl\":\"https:\\\/\\\/www.it-pro.fr\\\/wp-content\\\/uploads\\\/2025\\\/01\\\/cropped-cropped-cropped-Photoroom-20241227_184125.png\",\"width\":511,\"height\":512,\"caption\":\"IT-PRO\"},\"image\":{\"@id\":\"https:\\\/\\\/www.it-pro.fr\\\/#\\\/schema\\\/logo\\\/image\\\/\"},\"sameAs\":[\"https:\\\/\\\/www.facebook.com\\\/profile.php?id=61573944776199\",\"https:\\\/\\\/www.instagram.com\\\/it_pro42\\\/\"]}]}<\/script>\n<!-- \/ Yoast SEO plugin. -->","yoast_head_json":{"title":"Batterie iPhone 15 Pro Max Haute Capacit\u00e9 - IT-PRO","robots":{"index":"index","follow":"follow","max-snippet":"max-snippet:-1","max-image-preview":"max-image-preview:large","max-video-preview":"max-video-preview:-1"},"canonical":"https:\/\/www.it-pro.fr\/index.php\/produit\/batterie-iphone-15-pro-max-haute-capacite\/","og_locale":"fr_FR","og_type":"article","og_title":"Batterie iPhone 15 Pro Max Haute Capacit\u00e9 - IT-PRO","og_description":"\ud83d\udd0b Batterie iPhone 15 Pro Max Haute Capacit\u00e9 (Ti) \u2013 Autonomie Optimale, Performance Maximale \u2705 Con\u00e7ue pour les iPhone 15 Pro Max Cette batterie est sp\u00e9cialement d\u00e9velopp\u00e9e pour le ch\u00e2ssis titane (Ti) du nouvel iPhone 15 Pro Max. Elle garantit une compatibilit\u00e9 parfaite, tant en termes de dimensions que de connectique, pour une installation rapide...","og_url":"https:\/\/www.it-pro.fr\/index.php\/produit\/batterie-iphone-15-pro-max-haute-capacite\/","og_site_name":"IT-PRO","article_publisher":"https:\/\/www.facebook.com\/profile.php?id=61573944776199","article_modified_time":"2025-05-28T09:30:29+00:00","og_image":[{"width":1080,"height":1080,"url":"https:\/\/www.it-pro.fr\/wp-content\/uploads\/2025\/05\/Batterie-iPhone-15-Pro-Max-Haute-Capacite-Ti-1.png","type":"image\/png"}],"twitter_card":"summary_large_image","twitter_misc":{"Dur\u00e9e de lecture estim\u00e9e":"2 minutes"},"schema":{"@context":"https:\/\/schema.org","@graph":[{"@type":"WebPage","@id":"https:\/\/www.it-pro.fr\/index.php\/produit\/batterie-iphone-15-pro-max-haute-capacite\/","url":"https:\/\/www.it-pro.fr\/index.php\/produit\/batterie-iphone-15-pro-max-haute-capacite\/","name":"Batterie iPhone 15 Pro Max Haute Capacit\u00e9 - IT-PRO","isPartOf":{"@id":"https:\/\/www.it-pro.fr\/#website"},"primaryImageOfPage":{"@id":"https:\/\/www.it-pro.fr\/index.php\/produit\/batterie-iphone-15-pro-max-haute-capacite\/#primaryimage"},"image":{"@id":"https:\/\/www.it-pro.fr\/index.php\/produit\/batterie-iphone-15-pro-max-haute-capacite\/#primaryimage"},"thumbnailUrl":"https:\/\/www.it-pro.fr\/wp-content\/uploads\/2025\/05\/Batterie-iPhone-15-Pro-Max-Haute-Capacite-Ti-1.png","datePublished":"2025-05-28T09:06:14+00:00","dateModified":"2025-05-28T09:30:29+00:00","breadcrumb":{"@id":"https:\/\/www.it-pro.fr\/index.php\/produit\/batterie-iphone-15-pro-max-haute-capacite\/#breadcrumb"},"inLanguage":"fr-FR","potentialAction":[{"@type":"ReadAction","target":["https:\/\/www.it-pro.fr\/index.php\/produit\/batterie-iphone-15-pro-max-haute-capacite\/"]}]},{"@type":"ImageObject","inLanguage":"fr-FR","@id":"https:\/\/www.it-pro.fr\/index.php\/produit\/batterie-iphone-15-pro-max-haute-capacite\/#primaryimage","url":"https:\/\/www.it-pro.fr\/wp-content\/uploads\/2025\/05\/Batterie-iPhone-15-Pro-Max-Haute-Capacite-Ti-1.png","contentUrl":"https:\/\/www.it-pro.fr\/wp-content\/uploads\/2025\/05\/Batterie-iPhone-15-Pro-Max-Haute-Capacite-Ti-1.png","width":1080,"height":1080,"caption":"Batterie iPhone 15 Pro Max Haute Capacit\u00e9"},{"@type":"BreadcrumbList","@id":"https:\/\/www.it-pro.fr\/index.php\/produit\/batterie-iphone-15-pro-max-haute-capacite\/#breadcrumb","itemListElement":[{"@type":"ListItem","position":1,"name":"Accueil","item":"https:\/\/www.it-pro.fr\/"},{"@type":"ListItem","position":2,"name":"Boutique","item":"https:\/\/www.it-pro.fr\/index.php\/boutique\/"},{"@type":"ListItem","position":3,"name":"Batterie iPhone 15 Pro Max Haute Capacit\u00e9"}]},{"@type":"WebSite","@id":"https:\/\/www.it-pro.fr\/#website","url":"https:\/\/www.it-pro.fr\/","name":"IT-PRO","description":"Informatique &amp; T\u00e9l\u00e9phones","publisher":{"@id":"https:\/\/www.it-pro.fr\/#organization"},"potentialAction":[{"@type":"SearchAction","target":{"@type":"EntryPoint","urlTemplate":"https:\/\/www.it-pro.fr\/?s={search_term_string}"},"query-input":{"@type":"PropertyValueSpecification","valueRequired":true,"valueName":"search_term_string"}}],"inLanguage":"fr-FR"},{"@type":"Organization","@id":"https:\/\/www.it-pro.fr\/#organization","name":"IT-PRO","url":"https:\/\/www.it-pro.fr\/","logo":{"@type":"ImageObject","inLanguage":"fr-FR","@id":"https:\/\/www.it-pro.fr\/#\/schema\/logo\/image\/","url":"https:\/\/www.it-pro.fr\/wp-content\/uploads\/2025\/01\/cropped-cropped-cropped-Photoroom-20241227_184125.png","contentUrl":"https:\/\/www.it-pro.fr\/wp-content\/uploads\/2025\/01\/cropped-cropped-cropped-Photoroom-20241227_184125.png","width":511,"height":512,"caption":"IT-PRO"},"image":{"@id":"https:\/\/www.it-pro.fr\/#\/schema\/logo\/image\/"},"sameAs":["https:\/\/www.facebook.com\/profile.php?id=61573944776199","https:\/\/www.instagram.com\/it_pro42\/"]}]}},"jetpack_sharing_enabled":true,"_links":{"self":[{"href":"https:\/\/www.it-pro.fr\/index.php\/wp-json\/wp\/v2\/product\/1443","targetHints":{"allow":["GET"]}}],"collection":[{"href":"https:\/\/www.it-pro.fr\/index.php\/wp-json\/wp\/v2\/product"}],"about":[{"href":"https:\/\/www.it-pro.fr\/index.php\/wp-json\/wp\/v2\/types\/product"}],"replies":[{"embeddable":true,"href":"https:\/\/www.it-pro.fr\/index.php\/wp-json\/wp\/v2\/comments?post=1443"}],"wp:featuredmedia":[{"embeddable":true,"href":"https:\/\/www.it-pro.fr\/index.php\/wp-json\/wp\/v2\/media\/1448"}],"wp:attachment":[{"href":"https:\/\/www.it-pro.fr\/index.php\/wp-json\/wp\/v2\/media?parent=1443"}],"wp:term":[{"taxonomy":"product_brand","embeddable":true,"href":"https:\/\/www.it-pro.fr\/index.php\/wp-json\/wp\/v2\/product_brand?post=1443"},{"taxonomy":"product_cat","embeddable":true,"href":"https:\/\/www.it-pro.fr\/index.php\/wp-json\/wp\/v2\/product_cat?post=1443"},{"taxonomy":"product_tag","embeddable":true,"href":"https:\/\/www.it-pro.fr\/index.php\/wp-json\/wp\/v2\/product_tag?post=1443"}],"curies":[{"name":"wp","href":"https:\/\/api.w.org\/{rel}","templated":true}]}}