{"id":1425,"date":"2025-05-28T10:54:26","date_gmt":"2025-05-28T08:54:26","guid":{"rendered":"https:\/\/www.it-pro.fr\/?post_type=product&#038;p=1425"},"modified":"2025-05-28T11:34:12","modified_gmt":"2025-05-28T09:34:12","slug":"ecran-iphone-15-pro-max","status":"publish","type":"product","link":"https:\/\/www.it-pro.fr\/index.php\/produit\/ecran-iphone-15-pro-max\/","title":{"rendered":"Ecran iPhone 15 Pro Max"},"content":{"rendered":"<h3 data-start=\"158\" data-end=\"225\">\u26a1 Une Fluidit\u00e9 Exceptionnelle pour une Exp\u00e9rience Haut de Gamme<\/h3>\n<p data-start=\"227\" data-end=\"397\">Les \u00e9crans <strong data-start=\"238\" data-end=\"269\">LTPS de derni\u00e8re g\u00e9n\u00e9ration<\/strong> prennent en charge un taux de rafra\u00eechissement <strong data-start=\"317\" data-end=\"335\">jusqu\u2019\u00e0 120 Hz<\/strong>, soit <strong data-start=\"342\" data-end=\"355\">le double<\/strong> des \u00e9crans classiques 60 Hz. R\u00e9sultat :<\/p>\n<ul data-start=\"398\" data-end=\"532\">\n<li data-start=\"398\" data-end=\"440\">\n<p data-start=\"400\" data-end=\"440\">\ud83e\udde0 <strong data-start=\"403\" data-end=\"438\">R\u00e9activit\u00e9 tactile ultra rapide<\/strong><\/p>\n<\/li>\n<li data-start=\"441\" data-end=\"485\">\n<p data-start=\"443\" data-end=\"485\">\ud83c\udf9e\ufe0f <strong data-start=\"447\" data-end=\"483\">Animations fluides et naturelles<\/strong><\/p>\n<\/li>\n<li data-start=\"486\" data-end=\"532\">\n<p data-start=\"488\" data-end=\"532\">\ud83d\udd0d <strong data-start=\"491\" data-end=\"532\">D\u00e9filement et navigation sans saccade<\/strong><\/p>\n<\/li>\n<\/ul>\n<p data-start=\"534\" data-end=\"852\">Id\u00e9al pour le <strong data-start=\"548\" data-end=\"568\">visionnage vid\u00e9o<\/strong>, les <strong data-start=\"574\" data-end=\"590\">jeux mobiles<\/strong>, ou une <strong data-start=\"599\" data-end=\"624\">utilisation intensive<\/strong>, ce type d\u2019\u00e9cran garantit une exp\u00e9rience visuelle <strong data-start=\"675\" data-end=\"692\">haut de gamme<\/strong>, parfaitement fluide, m\u00eame dans les usages les plus exigeants. Un <strong data-start=\"759\" data-end=\"767\">must<\/strong> pour les clients \u00e0 la recherche de performances et de confort visuel sans compromis.<\/p>\n","protected":false},"excerpt":{"rendered":"<p>\u26a1 Une Fluidit\u00e9 Exceptionnelle pour une Exp\u00e9rience Haut de Gamme Les \u00e9crans LTPS de derni\u00e8re g\u00e9n\u00e9ration prennent en charge un taux de rafra\u00eechissement jusqu\u2019\u00e0 120 Hz, soit le double des \u00e9crans classiques 60 Hz. R\u00e9sultat : \ud83e\udde0 R\u00e9activit\u00e9 tactile ultra rapide \ud83c\udf9e\ufe0f Animations fluides et naturelles \ud83d\udd0d D\u00e9filement et navigation sans saccade Id\u00e9al pour le&#8230;<\/p>\n","protected":false},"featured_media":1451,"comment_status":"open","ping_status":"closed","template":"","meta":{"_kad_post_transparent":"default","_kad_post_title":"","_kad_post_layout":"default","_kad_post_sidebar_id":"","_kad_post_content_style":"default","_kad_post_vertical_padding":"default","_kad_post_feature":"","_kad_post_feature_position":"","_kad_post_header":false,"_kad_post_footer":false,"_kad_post_classname":""},"product_brand":[],"product_cat":[105],"product_tag":[],"class_list":{"0":"post-1425","1":"product","2":"type-product","3":"status-publish","4":"has-post-thumbnail","6":"product_cat-kit-iphone-15-pro-max","8":"first","9":"instock","10":"sale","11":"taxable","12":"shipping-taxable","13":"purchasable","14":"product-type-simple","15":"entry","16":"content-bg","17":"loop-entry"},"yoast_head":"<!-- This site is optimized with the Yoast SEO plugin v27.5 - https:\/\/yoast.com\/product\/yoast-seo-wordpress\/ -->\n<title>Ecran iPhone 15 Pro Max - IT-PRO<\/title>\n<meta name=\"robots\" content=\"index, follow, max-snippet:-1, max-image-preview:large, max-video-preview:-1\" \/>\n<link rel=\"canonical\" href=\"https:\/\/www.it-pro.fr\/index.php\/produit\/ecran-iphone-15-pro-max\/\" \/>\n<meta property=\"og:locale\" content=\"fr_FR\" \/>\n<meta property=\"og:type\" content=\"article\" \/>\n<meta property=\"og:title\" content=\"Ecran iPhone 15 Pro Max - IT-PRO\" \/>\n<meta property=\"og:description\" content=\"\u26a1 Une Fluidit\u00e9 Exceptionnelle pour une Exp\u00e9rience Haut de Gamme Les \u00e9crans LTPS de derni\u00e8re g\u00e9n\u00e9ration prennent en charge un taux de rafra\u00eechissement jusqu\u2019\u00e0 120 Hz, soit le double des \u00e9crans classiques 60 Hz. R\u00e9sultat : \ud83e\udde0 R\u00e9activit\u00e9 tactile ultra rapide \ud83c\udf9e\ufe0f Animations fluides et naturelles \ud83d\udd0d D\u00e9filement et navigation sans saccade Id\u00e9al pour le...\" \/>\n<meta property=\"og:url\" content=\"https:\/\/www.it-pro.fr\/index.php\/produit\/ecran-iphone-15-pro-max\/\" \/>\n<meta property=\"og:site_name\" content=\"IT-PRO\" \/>\n<meta property=\"article:publisher\" content=\"https:\/\/www.facebook.com\/profile.php?id=61573944776199\" \/>\n<meta property=\"article:modified_time\" content=\"2025-05-28T09:34:12+00:00\" \/>\n<meta property=\"og:image\" content=\"https:\/\/www.it-pro.fr\/wp-content\/uploads\/2025\/05\/Ecran-Iphone-15-Pro-Max.png\" \/>\n\t<meta property=\"og:image:width\" content=\"1080\" \/>\n\t<meta property=\"og:image:height\" content=\"1080\" \/>\n\t<meta property=\"og:image:type\" content=\"image\/png\" \/>\n<meta name=\"twitter:card\" content=\"summary_large_image\" \/>\n<meta name=\"twitter:label1\" content=\"Dur\u00e9e de lecture estim\u00e9e\" \/>\n\t<meta name=\"twitter:data1\" content=\"1 minute\" \/>\n<script type=\"application\/ld+json\" class=\"yoast-schema-graph\">{\"@context\":\"https:\\\/\\\/schema.org\",\"@graph\":[{\"@type\":\"WebPage\",\"@id\":\"https:\\\/\\\/www.it-pro.fr\\\/index.php\\\/produit\\\/ecran-iphone-15-pro-max\\\/\",\"url\":\"https:\\\/\\\/www.it-pro.fr\\\/index.php\\\/produit\\\/ecran-iphone-15-pro-max\\\/\",\"name\":\"Ecran iPhone 15 Pro Max - IT-PRO\",\"isPartOf\":{\"@id\":\"https:\\\/\\\/www.it-pro.fr\\\/#website\"},\"primaryImageOfPage\":{\"@id\":\"https:\\\/\\\/www.it-pro.fr\\\/index.php\\\/produit\\\/ecran-iphone-15-pro-max\\\/#primaryimage\"},\"image\":{\"@id\":\"https:\\\/\\\/www.it-pro.fr\\\/index.php\\\/produit\\\/ecran-iphone-15-pro-max\\\/#primaryimage\"},\"thumbnailUrl\":\"https:\\\/\\\/www.it-pro.fr\\\/wp-content\\\/uploads\\\/2025\\\/05\\\/Ecran-Iphone-15-Pro-Max.png\",\"datePublished\":\"2025-05-28T08:54:26+00:00\",\"dateModified\":\"2025-05-28T09:34:12+00:00\",\"breadcrumb\":{\"@id\":\"https:\\\/\\\/www.it-pro.fr\\\/index.php\\\/produit\\\/ecran-iphone-15-pro-max\\\/#breadcrumb\"},\"inLanguage\":\"fr-FR\",\"potentialAction\":[{\"@type\":\"ReadAction\",\"target\":[\"https:\\\/\\\/www.it-pro.fr\\\/index.php\\\/produit\\\/ecran-iphone-15-pro-max\\\/\"]}]},{\"@type\":\"ImageObject\",\"inLanguage\":\"fr-FR\",\"@id\":\"https:\\\/\\\/www.it-pro.fr\\\/index.php\\\/produit\\\/ecran-iphone-15-pro-max\\\/#primaryimage\",\"url\":\"https:\\\/\\\/www.it-pro.fr\\\/wp-content\\\/uploads\\\/2025\\\/05\\\/Ecran-Iphone-15-Pro-Max.png\",\"contentUrl\":\"https:\\\/\\\/www.it-pro.fr\\\/wp-content\\\/uploads\\\/2025\\\/05\\\/Ecran-Iphone-15-Pro-Max.png\",\"width\":1080,\"height\":1080,\"caption\":\"Ecran Iphone 15 Pro Max\"},{\"@type\":\"BreadcrumbList\",\"@id\":\"https:\\\/\\\/www.it-pro.fr\\\/index.php\\\/produit\\\/ecran-iphone-15-pro-max\\\/#breadcrumb\",\"itemListElement\":[{\"@type\":\"ListItem\",\"position\":1,\"name\":\"Accueil\",\"item\":\"https:\\\/\\\/www.it-pro.fr\\\/\"},{\"@type\":\"ListItem\",\"position\":2,\"name\":\"Boutique\",\"item\":\"https:\\\/\\\/www.it-pro.fr\\\/index.php\\\/boutique\\\/\"},{\"@type\":\"ListItem\",\"position\":3,\"name\":\"Ecran iPhone 15 Pro Max\"}]},{\"@type\":\"WebSite\",\"@id\":\"https:\\\/\\\/www.it-pro.fr\\\/#website\",\"url\":\"https:\\\/\\\/www.it-pro.fr\\\/\",\"name\":\"IT-PRO\",\"description\":\"Informatique &amp; T\u00e9l\u00e9phones\",\"publisher\":{\"@id\":\"https:\\\/\\\/www.it-pro.fr\\\/#organization\"},\"potentialAction\":[{\"@type\":\"SearchAction\",\"target\":{\"@type\":\"EntryPoint\",\"urlTemplate\":\"https:\\\/\\\/www.it-pro.fr\\\/?s={search_term_string}\"},\"query-input\":{\"@type\":\"PropertyValueSpecification\",\"valueRequired\":true,\"valueName\":\"search_term_string\"}}],\"inLanguage\":\"fr-FR\"},{\"@type\":\"Organization\",\"@id\":\"https:\\\/\\\/www.it-pro.fr\\\/#organization\",\"name\":\"IT-PRO\",\"url\":\"https:\\\/\\\/www.it-pro.fr\\\/\",\"logo\":{\"@type\":\"ImageObject\",\"inLanguage\":\"fr-FR\",\"@id\":\"https:\\\/\\\/www.it-pro.fr\\\/#\\\/schema\\\/logo\\\/image\\\/\",\"url\":\"https:\\\/\\\/www.it-pro.fr\\\/wp-content\\\/uploads\\\/2025\\\/01\\\/cropped-cropped-cropped-Photoroom-20241227_184125.png\",\"contentUrl\":\"https:\\\/\\\/www.it-pro.fr\\\/wp-content\\\/uploads\\\/2025\\\/01\\\/cropped-cropped-cropped-Photoroom-20241227_184125.png\",\"width\":511,\"height\":512,\"caption\":\"IT-PRO\"},\"image\":{\"@id\":\"https:\\\/\\\/www.it-pro.fr\\\/#\\\/schema\\\/logo\\\/image\\\/\"},\"sameAs\":[\"https:\\\/\\\/www.facebook.com\\\/profile.php?id=61573944776199\",\"https:\\\/\\\/www.instagram.com\\\/it_pro42\\\/\"]}]}<\/script>\n<!-- \/ Yoast SEO plugin. -->","yoast_head_json":{"title":"Ecran iPhone 15 Pro Max - IT-PRO","robots":{"index":"index","follow":"follow","max-snippet":"max-snippet:-1","max-image-preview":"max-image-preview:large","max-video-preview":"max-video-preview:-1"},"canonical":"https:\/\/www.it-pro.fr\/index.php\/produit\/ecran-iphone-15-pro-max\/","og_locale":"fr_FR","og_type":"article","og_title":"Ecran iPhone 15 Pro Max - IT-PRO","og_description":"\u26a1 Une Fluidit\u00e9 Exceptionnelle pour une Exp\u00e9rience Haut de Gamme Les \u00e9crans LTPS de derni\u00e8re g\u00e9n\u00e9ration prennent en charge un taux de rafra\u00eechissement jusqu\u2019\u00e0 120 Hz, soit le double des \u00e9crans classiques 60 Hz. R\u00e9sultat : \ud83e\udde0 R\u00e9activit\u00e9 tactile ultra rapide \ud83c\udf9e\ufe0f Animations fluides et naturelles \ud83d\udd0d D\u00e9filement et navigation sans saccade Id\u00e9al pour le...","og_url":"https:\/\/www.it-pro.fr\/index.php\/produit\/ecran-iphone-15-pro-max\/","og_site_name":"IT-PRO","article_publisher":"https:\/\/www.facebook.com\/profile.php?id=61573944776199","article_modified_time":"2025-05-28T09:34:12+00:00","og_image":[{"width":1080,"height":1080,"url":"https:\/\/www.it-pro.fr\/wp-content\/uploads\/2025\/05\/Ecran-Iphone-15-Pro-Max.png","type":"image\/png"}],"twitter_card":"summary_large_image","twitter_misc":{"Dur\u00e9e de lecture estim\u00e9e":"1 minute"},"schema":{"@context":"https:\/\/schema.org","@graph":[{"@type":"WebPage","@id":"https:\/\/www.it-pro.fr\/index.php\/produit\/ecran-iphone-15-pro-max\/","url":"https:\/\/www.it-pro.fr\/index.php\/produit\/ecran-iphone-15-pro-max\/","name":"Ecran iPhone 15 Pro Max - IT-PRO","isPartOf":{"@id":"https:\/\/www.it-pro.fr\/#website"},"primaryImageOfPage":{"@id":"https:\/\/www.it-pro.fr\/index.php\/produit\/ecran-iphone-15-pro-max\/#primaryimage"},"image":{"@id":"https:\/\/www.it-pro.fr\/index.php\/produit\/ecran-iphone-15-pro-max\/#primaryimage"},"thumbnailUrl":"https:\/\/www.it-pro.fr\/wp-content\/uploads\/2025\/05\/Ecran-Iphone-15-Pro-Max.png","datePublished":"2025-05-28T08:54:26+00:00","dateModified":"2025-05-28T09:34:12+00:00","breadcrumb":{"@id":"https:\/\/www.it-pro.fr\/index.php\/produit\/ecran-iphone-15-pro-max\/#breadcrumb"},"inLanguage":"fr-FR","potentialAction":[{"@type":"ReadAction","target":["https:\/\/www.it-pro.fr\/index.php\/produit\/ecran-iphone-15-pro-max\/"]}]},{"@type":"ImageObject","inLanguage":"fr-FR","@id":"https:\/\/www.it-pro.fr\/index.php\/produit\/ecran-iphone-15-pro-max\/#primaryimage","url":"https:\/\/www.it-pro.fr\/wp-content\/uploads\/2025\/05\/Ecran-Iphone-15-Pro-Max.png","contentUrl":"https:\/\/www.it-pro.fr\/wp-content\/uploads\/2025\/05\/Ecran-Iphone-15-Pro-Max.png","width":1080,"height":1080,"caption":"Ecran Iphone 15 Pro Max"},{"@type":"BreadcrumbList","@id":"https:\/\/www.it-pro.fr\/index.php\/produit\/ecran-iphone-15-pro-max\/#breadcrumb","itemListElement":[{"@type":"ListItem","position":1,"name":"Accueil","item":"https:\/\/www.it-pro.fr\/"},{"@type":"ListItem","position":2,"name":"Boutique","item":"https:\/\/www.it-pro.fr\/index.php\/boutique\/"},{"@type":"ListItem","position":3,"name":"Ecran iPhone 15 Pro Max"}]},{"@type":"WebSite","@id":"https:\/\/www.it-pro.fr\/#website","url":"https:\/\/www.it-pro.fr\/","name":"IT-PRO","description":"Informatique &amp; T\u00e9l\u00e9phones","publisher":{"@id":"https:\/\/www.it-pro.fr\/#organization"},"potentialAction":[{"@type":"SearchAction","target":{"@type":"EntryPoint","urlTemplate":"https:\/\/www.it-pro.fr\/?s={search_term_string}"},"query-input":{"@type":"PropertyValueSpecification","valueRequired":true,"valueName":"search_term_string"}}],"inLanguage":"fr-FR"},{"@type":"Organization","@id":"https:\/\/www.it-pro.fr\/#organization","name":"IT-PRO","url":"https:\/\/www.it-pro.fr\/","logo":{"@type":"ImageObject","inLanguage":"fr-FR","@id":"https:\/\/www.it-pro.fr\/#\/schema\/logo\/image\/","url":"https:\/\/www.it-pro.fr\/wp-content\/uploads\/2025\/01\/cropped-cropped-cropped-Photoroom-20241227_184125.png","contentUrl":"https:\/\/www.it-pro.fr\/wp-content\/uploads\/2025\/01\/cropped-cropped-cropped-Photoroom-20241227_184125.png","width":511,"height":512,"caption":"IT-PRO"},"image":{"@id":"https:\/\/www.it-pro.fr\/#\/schema\/logo\/image\/"},"sameAs":["https:\/\/www.facebook.com\/profile.php?id=61573944776199","https:\/\/www.instagram.com\/it_pro42\/"]}]}},"jetpack_sharing_enabled":true,"_links":{"self":[{"href":"https:\/\/www.it-pro.fr\/index.php\/wp-json\/wp\/v2\/product\/1425","targetHints":{"allow":["GET"]}}],"collection":[{"href":"https:\/\/www.it-pro.fr\/index.php\/wp-json\/wp\/v2\/product"}],"about":[{"href":"https:\/\/www.it-pro.fr\/index.php\/wp-json\/wp\/v2\/types\/product"}],"replies":[{"embeddable":true,"href":"https:\/\/www.it-pro.fr\/index.php\/wp-json\/wp\/v2\/comments?post=1425"}],"wp:featuredmedia":[{"embeddable":true,"href":"https:\/\/www.it-pro.fr\/index.php\/wp-json\/wp\/v2\/media\/1451"}],"wp:attachment":[{"href":"https:\/\/www.it-pro.fr\/index.php\/wp-json\/wp\/v2\/media?parent=1425"}],"wp:term":[{"taxonomy":"product_brand","embeddable":true,"href":"https:\/\/www.it-pro.fr\/index.php\/wp-json\/wp\/v2\/product_brand?post=1425"},{"taxonomy":"product_cat","embeddable":true,"href":"https:\/\/www.it-pro.fr\/index.php\/wp-json\/wp\/v2\/product_cat?post=1425"},{"taxonomy":"product_tag","embeddable":true,"href":"https:\/\/www.it-pro.fr\/index.php\/wp-json\/wp\/v2\/product_tag?post=1425"}],"curies":[{"name":"wp","href":"https:\/\/api.w.org\/{rel}","templated":true}]}}