{"id":1275,"date":"2025-04-02T15:34:56","date_gmt":"2025-04-02T13:34:56","guid":{"rendered":"https:\/\/www.it-pro.fr\/?post_type=product&#038;p=1275"},"modified":"2025-04-02T15:34:56","modified_gmt":"2025-04-02T13:34:56","slug":"samsung-cable-usb-a-vers-usb-c-noir-1-5-m","status":"publish","type":"product","link":"https:\/\/www.it-pro.fr\/index.php\/produit\/samsung-cable-usb-a-vers-usb-c-noir-1-5-m\/","title":{"rendered":"Samsung C\u00e2ble USB-A vers USB-C (noir) &#8211; 1.5 m"},"content":{"rendered":"<h1 class=\"tE7R7 indIKd q23Yce fA1vYb cS4Vcb-pGL6qe-fwJd0c\">Samsung C\u00e2ble USB-A vers USB-C (noir) &#8211; 1.5 m<\/h1>\n","protected":false},"excerpt":{"rendered":"<ul>\n<li><strong>C\u00e2ble USB-A vers USB Type-C<\/strong><\/li>\n<li>Prend en charge les intensit\u00e9s de sortie jusqu&rsquo;\u00e0 3A<\/li>\n<li>Longueur : 1.5 m<\/li>\n<li>Couleur : Noir<\/li>\n<\/ul>\n","protected":false},"featured_media":1276,"comment_status":"open","ping_status":"closed","template":"","meta":{"_kad_post_transparent":"default","_kad_post_title":"","_kad_post_layout":"default","_kad_post_sidebar_id":"","_kad_post_content_style":"default","_kad_post_vertical_padding":"default","_kad_post_feature":"","_kad_post_feature_position":"","_kad_post_header":false,"_kad_post_footer":false,"_kad_post_classname":""},"product_brand":[],"product_cat":[54],"product_tag":[],"class_list":{"0":"post-1275","1":"product","2":"type-product","3":"status-publish","4":"has-post-thumbnail","6":"product_cat-accessoires-smartphones","8":"first","9":"instock","10":"sale","11":"taxable","12":"shipping-taxable","13":"purchasable","14":"product-type-simple","15":"entry","16":"content-bg","17":"loop-entry"},"yoast_head":"<!-- This site is optimized with the Yoast SEO plugin v27.2 - https:\/\/yoast.com\/product\/yoast-seo-wordpress\/ -->\n<title>Samsung C\u00e2ble USB-A vers USB-C (noir) - 1.5 m - IT-PRO<\/title>\n<meta name=\"robots\" content=\"index, follow, max-snippet:-1, max-image-preview:large, max-video-preview:-1\" \/>\n<link rel=\"canonical\" href=\"https:\/\/www.it-pro.fr\/index.php\/produit\/samsung-cable-usb-a-vers-usb-c-noir-1-5-m\/\" \/>\n<meta property=\"og:locale\" content=\"fr_FR\" \/>\n<meta property=\"og:type\" content=\"article\" \/>\n<meta property=\"og:title\" content=\"Samsung C\u00e2ble USB-A vers USB-C (noir) - 1.5 m - IT-PRO\" \/>\n<meta property=\"og:description\" content=\"C\u00e2ble USB-A vers USB Type-C  Prend en charge les intensit\u00e9s de sortie jusqu&#039;\u00e0 3A  Longueur : 1.5 m  Couleur : Noir\" \/>\n<meta property=\"og:url\" content=\"https:\/\/www.it-pro.fr\/index.php\/produit\/samsung-cable-usb-a-vers-usb-c-noir-1-5-m\/\" \/>\n<meta property=\"og:site_name\" content=\"IT-PRO\" \/>\n<meta property=\"article:publisher\" content=\"https:\/\/www.facebook.com\/profile.php?id=61573944776199\" \/>\n<meta property=\"og:image\" content=\"https:\/\/www.it-pro.fr\/wp-content\/uploads\/2025\/04\/LD0006156666.jpg\" \/>\n\t<meta property=\"og:image:width\" content=\"1600\" \/>\n\t<meta property=\"og:image:height\" content=\"1600\" \/>\n\t<meta property=\"og:image:type\" content=\"image\/jpeg\" \/>\n<meta name=\"twitter:card\" content=\"summary_large_image\" \/>\n<script type=\"application\/ld+json\" class=\"yoast-schema-graph\">{\"@context\":\"https:\/\/schema.org\",\"@graph\":[{\"@type\":\"WebPage\",\"@id\":\"https:\/\/www.it-pro.fr\/index.php\/produit\/samsung-cable-usb-a-vers-usb-c-noir-1-5-m\/\",\"url\":\"https:\/\/www.it-pro.fr\/index.php\/produit\/samsung-cable-usb-a-vers-usb-c-noir-1-5-m\/\",\"name\":\"Samsung C\u00e2ble USB-A vers USB-C (noir) - 1.5 m - IT-PRO\",\"isPartOf\":{\"@id\":\"https:\/\/www.it-pro.fr\/#website\"},\"primaryImageOfPage\":{\"@id\":\"https:\/\/www.it-pro.fr\/index.php\/produit\/samsung-cable-usb-a-vers-usb-c-noir-1-5-m\/#primaryimage\"},\"image\":{\"@id\":\"https:\/\/www.it-pro.fr\/index.php\/produit\/samsung-cable-usb-a-vers-usb-c-noir-1-5-m\/#primaryimage\"},\"thumbnailUrl\":\"https:\/\/www.it-pro.fr\/wp-content\/uploads\/2025\/04\/LD0006156666.jpg\",\"datePublished\":\"2025-04-02T13:34:56+00:00\",\"breadcrumb\":{\"@id\":\"https:\/\/www.it-pro.fr\/index.php\/produit\/samsung-cable-usb-a-vers-usb-c-noir-1-5-m\/#breadcrumb\"},\"inLanguage\":\"fr-FR\",\"potentialAction\":[{\"@type\":\"ReadAction\",\"target\":[\"https:\/\/www.it-pro.fr\/index.php\/produit\/samsung-cable-usb-a-vers-usb-c-noir-1-5-m\/\"]}]},{\"@type\":\"ImageObject\",\"inLanguage\":\"fr-FR\",\"@id\":\"https:\/\/www.it-pro.fr\/index.php\/produit\/samsung-cable-usb-a-vers-usb-c-noir-1-5-m\/#primaryimage\",\"url\":\"https:\/\/www.it-pro.fr\/wp-content\/uploads\/2025\/04\/LD0006156666.jpg\",\"contentUrl\":\"https:\/\/www.it-pro.fr\/wp-content\/uploads\/2025\/04\/LD0006156666.jpg\",\"width\":1600,\"height\":1600,\"caption\":\"Samsung C\u00e2ble USB-A vers USB-C (noir) - 1.5 m\"},{\"@type\":\"BreadcrumbList\",\"@id\":\"https:\/\/www.it-pro.fr\/index.php\/produit\/samsung-cable-usb-a-vers-usb-c-noir-1-5-m\/#breadcrumb\",\"itemListElement\":[{\"@type\":\"ListItem\",\"position\":1,\"name\":\"Accueil\",\"item\":\"https:\/\/www.it-pro.fr\/\"},{\"@type\":\"ListItem\",\"position\":2,\"name\":\"Boutique\",\"item\":\"https:\/\/www.it-pro.fr\/index.php\/boutique\/\"},{\"@type\":\"ListItem\",\"position\":3,\"name\":\"Samsung C\u00e2ble USB-A vers USB-C (noir) &#8211; 1.5 m\"}]},{\"@type\":\"WebSite\",\"@id\":\"https:\/\/www.it-pro.fr\/#website\",\"url\":\"https:\/\/www.it-pro.fr\/\",\"name\":\"IT-PRO\",\"description\":\"Informatique &amp; T\u00e9l\u00e9phones\",\"publisher\":{\"@id\":\"https:\/\/www.it-pro.fr\/#organization\"},\"potentialAction\":[{\"@type\":\"SearchAction\",\"target\":{\"@type\":\"EntryPoint\",\"urlTemplate\":\"https:\/\/www.it-pro.fr\/?s={search_term_string}\"},\"query-input\":{\"@type\":\"PropertyValueSpecification\",\"valueRequired\":true,\"valueName\":\"search_term_string\"}}],\"inLanguage\":\"fr-FR\"},{\"@type\":\"Organization\",\"@id\":\"https:\/\/www.it-pro.fr\/#organization\",\"name\":\"IT-PRO\",\"url\":\"https:\/\/www.it-pro.fr\/\",\"logo\":{\"@type\":\"ImageObject\",\"inLanguage\":\"fr-FR\",\"@id\":\"https:\/\/www.it-pro.fr\/#\/schema\/logo\/image\/\",\"url\":\"https:\/\/www.it-pro.fr\/wp-content\/uploads\/2025\/01\/cropped-cropped-cropped-Photoroom-20241227_184125.png\",\"contentUrl\":\"https:\/\/www.it-pro.fr\/wp-content\/uploads\/2025\/01\/cropped-cropped-cropped-Photoroom-20241227_184125.png\",\"width\":511,\"height\":512,\"caption\":\"IT-PRO\"},\"image\":{\"@id\":\"https:\/\/www.it-pro.fr\/#\/schema\/logo\/image\/\"},\"sameAs\":[\"https:\/\/www.facebook.com\/profile.php?id=61573944776199\",\"https:\/\/www.instagram.com\/it_pro42\/\"]}]}<\/script>\n<!-- \/ Yoast SEO plugin. -->","yoast_head_json":{"title":"Samsung C\u00e2ble USB-A vers USB-C (noir) - 1.5 m - IT-PRO","robots":{"index":"index","follow":"follow","max-snippet":"max-snippet:-1","max-image-preview":"max-image-preview:large","max-video-preview":"max-video-preview:-1"},"canonical":"https:\/\/www.it-pro.fr\/index.php\/produit\/samsung-cable-usb-a-vers-usb-c-noir-1-5-m\/","og_locale":"fr_FR","og_type":"article","og_title":"Samsung C\u00e2ble USB-A vers USB-C (noir) - 1.5 m - IT-PRO","og_description":"C\u00e2ble USB-A vers USB Type-C  Prend en charge les intensit\u00e9s de sortie jusqu'\u00e0 3A  Longueur : 1.5 m  Couleur : Noir","og_url":"https:\/\/www.it-pro.fr\/index.php\/produit\/samsung-cable-usb-a-vers-usb-c-noir-1-5-m\/","og_site_name":"IT-PRO","article_publisher":"https:\/\/www.facebook.com\/profile.php?id=61573944776199","og_image":[{"width":1600,"height":1600,"url":"https:\/\/www.it-pro.fr\/wp-content\/uploads\/2025\/04\/LD0006156666.jpg","type":"image\/jpeg"}],"twitter_card":"summary_large_image","schema":{"@context":"https:\/\/schema.org","@graph":[{"@type":"WebPage","@id":"https:\/\/www.it-pro.fr\/index.php\/produit\/samsung-cable-usb-a-vers-usb-c-noir-1-5-m\/","url":"https:\/\/www.it-pro.fr\/index.php\/produit\/samsung-cable-usb-a-vers-usb-c-noir-1-5-m\/","name":"Samsung C\u00e2ble USB-A vers USB-C (noir) - 1.5 m - IT-PRO","isPartOf":{"@id":"https:\/\/www.it-pro.fr\/#website"},"primaryImageOfPage":{"@id":"https:\/\/www.it-pro.fr\/index.php\/produit\/samsung-cable-usb-a-vers-usb-c-noir-1-5-m\/#primaryimage"},"image":{"@id":"https:\/\/www.it-pro.fr\/index.php\/produit\/samsung-cable-usb-a-vers-usb-c-noir-1-5-m\/#primaryimage"},"thumbnailUrl":"https:\/\/www.it-pro.fr\/wp-content\/uploads\/2025\/04\/LD0006156666.jpg","datePublished":"2025-04-02T13:34:56+00:00","breadcrumb":{"@id":"https:\/\/www.it-pro.fr\/index.php\/produit\/samsung-cable-usb-a-vers-usb-c-noir-1-5-m\/#breadcrumb"},"inLanguage":"fr-FR","potentialAction":[{"@type":"ReadAction","target":["https:\/\/www.it-pro.fr\/index.php\/produit\/samsung-cable-usb-a-vers-usb-c-noir-1-5-m\/"]}]},{"@type":"ImageObject","inLanguage":"fr-FR","@id":"https:\/\/www.it-pro.fr\/index.php\/produit\/samsung-cable-usb-a-vers-usb-c-noir-1-5-m\/#primaryimage","url":"https:\/\/www.it-pro.fr\/wp-content\/uploads\/2025\/04\/LD0006156666.jpg","contentUrl":"https:\/\/www.it-pro.fr\/wp-content\/uploads\/2025\/04\/LD0006156666.jpg","width":1600,"height":1600,"caption":"Samsung C\u00e2ble USB-A vers USB-C (noir) - 1.5 m"},{"@type":"BreadcrumbList","@id":"https:\/\/www.it-pro.fr\/index.php\/produit\/samsung-cable-usb-a-vers-usb-c-noir-1-5-m\/#breadcrumb","itemListElement":[{"@type":"ListItem","position":1,"name":"Accueil","item":"https:\/\/www.it-pro.fr\/"},{"@type":"ListItem","position":2,"name":"Boutique","item":"https:\/\/www.it-pro.fr\/index.php\/boutique\/"},{"@type":"ListItem","position":3,"name":"Samsung C\u00e2ble USB-A vers USB-C (noir) &#8211; 1.5 m"}]},{"@type":"WebSite","@id":"https:\/\/www.it-pro.fr\/#website","url":"https:\/\/www.it-pro.fr\/","name":"IT-PRO","description":"Informatique &amp; T\u00e9l\u00e9phones","publisher":{"@id":"https:\/\/www.it-pro.fr\/#organization"},"potentialAction":[{"@type":"SearchAction","target":{"@type":"EntryPoint","urlTemplate":"https:\/\/www.it-pro.fr\/?s={search_term_string}"},"query-input":{"@type":"PropertyValueSpecification","valueRequired":true,"valueName":"search_term_string"}}],"inLanguage":"fr-FR"},{"@type":"Organization","@id":"https:\/\/www.it-pro.fr\/#organization","name":"IT-PRO","url":"https:\/\/www.it-pro.fr\/","logo":{"@type":"ImageObject","inLanguage":"fr-FR","@id":"https:\/\/www.it-pro.fr\/#\/schema\/logo\/image\/","url":"https:\/\/www.it-pro.fr\/wp-content\/uploads\/2025\/01\/cropped-cropped-cropped-Photoroom-20241227_184125.png","contentUrl":"https:\/\/www.it-pro.fr\/wp-content\/uploads\/2025\/01\/cropped-cropped-cropped-Photoroom-20241227_184125.png","width":511,"height":512,"caption":"IT-PRO"},"image":{"@id":"https:\/\/www.it-pro.fr\/#\/schema\/logo\/image\/"},"sameAs":["https:\/\/www.facebook.com\/profile.php?id=61573944776199","https:\/\/www.instagram.com\/it_pro42\/"]}]}},"jetpack_sharing_enabled":true,"_links":{"self":[{"href":"https:\/\/www.it-pro.fr\/index.php\/wp-json\/wp\/v2\/product\/1275","targetHints":{"allow":["GET"]}}],"collection":[{"href":"https:\/\/www.it-pro.fr\/index.php\/wp-json\/wp\/v2\/product"}],"about":[{"href":"https:\/\/www.it-pro.fr\/index.php\/wp-json\/wp\/v2\/types\/product"}],"replies":[{"embeddable":true,"href":"https:\/\/www.it-pro.fr\/index.php\/wp-json\/wp\/v2\/comments?post=1275"}],"wp:featuredmedia":[{"embeddable":true,"href":"https:\/\/www.it-pro.fr\/index.php\/wp-json\/wp\/v2\/media\/1276"}],"wp:attachment":[{"href":"https:\/\/www.it-pro.fr\/index.php\/wp-json\/wp\/v2\/media?parent=1275"}],"wp:term":[{"taxonomy":"product_brand","embeddable":true,"href":"https:\/\/www.it-pro.fr\/index.php\/wp-json\/wp\/v2\/product_brand?post=1275"},{"taxonomy":"product_cat","embeddable":true,"href":"https:\/\/www.it-pro.fr\/index.php\/wp-json\/wp\/v2\/product_cat?post=1275"},{"taxonomy":"product_tag","embeddable":true,"href":"https:\/\/www.it-pro.fr\/index.php\/wp-json\/wp\/v2\/product_tag?post=1275"}],"curies":[{"name":"wp","href":"https:\/\/api.w.org\/{rel}","templated":true}]}}